{"id":62,"date":"2026-04-13T13:08:12","date_gmt":"2026-04-13T16:08:12","guid":{"rendered":"https:\/\/syswave.com.br\/?page_id=62"},"modified":"2026-04-14T09:05:14","modified_gmt":"2026-04-14T12:05:14","slug":"quemsomos","status":"publish","type":"page","link":"https:\/\/syswave.com.br\/index.php\/quemsomos\/","title":{"rendered":"quemsomos"},"content":{"rendered":"\t\t<div data-elementor-type=\"wp-post\" data-elementor-id=\"62\" class=\"elementor elementor-62\">\n\t\t\t\t<div class=\"elementor-element elementor-element-1424031 e-flex e-con-boxed e-con e-parent\" data-id=\"1424031\" data-element_type=\"container\" data-e-type=\"container\">\n\t\t\t\t\t<div class=\"e-con-inner\">\n\t\t<div class=\"elementor-element elementor-element-f5602ff e-grid e-con-full e-con e-child\" data-id=\"f5602ff\" data-element_type=\"container\" data-e-type=\"container\">\n\t\t\t\t<div class=\"elementor-element elementor-element-9325a15 elementor-widget elementor-widget-image\" data-id=\"9325a15\" data-element_type=\"widget\" data-e-type=\"widget\" data-widget_type=\"image.default\">\n\t\t\t\t\t\t\t\t\t\t\t\t\t\t\t<img decoding=\"async\" src=\"https:\/\/syswave.com.br\/wp-content\/uploads\/elementor\/thumbs\/escritorio-tamM-rlygostknfkobz6aiqq89k60y0pkr2wiccvr9ydvuw.jpeg\" title=\"escritorio &#8211; tamM\" alt=\"escritorio - tamM\" loading=\"lazy\" \/>\t\t\t\t\t\t\t\t\t\t\t\t\t\t\t<\/div>\n\t\t<div class=\"elementor-element elementor-element-80a12b9 e-con-full e-flex e-con e-child\" data-id=\"80a12b9\" data-element_type=\"container\" data-e-type=\"container\">\n\t\t\t\t<div class=\"elementor-element elementor-element-926d692 elementor-widget elementor-widget-text-editor\" data-id=\"926d692\" data-element_type=\"widget\" data-e-type=\"widget\" data-widget_type=\"text-editor.default\">\n\t\t\t\t\t\t\t\t\t<p><strong>QUEM SOMOS<\/strong><\/p><p>Somos uma empresa de tecnologia especializada em estruturar, proteger e evoluir ambientes de TI para pequenas e m\u00e9dias empresas que dependem da tecnologia para crescer com seguran\u00e7a.<\/p><p><span style=\"font-style: inherit; font-weight: inherit;\">Mais do que suporte t\u00e9cnico, atuamos de forma estrat\u00e9gica \u2014 organizando processos, fortalecendo a Seguran\u00e7a da Informa\u00e7\u00e3o e garantindo que a TI deixe de ser um risco e passe a ser um pilar de crescimento do neg\u00f3cio.<\/span><\/p><p><span style=\"font-style: inherit; font-weight: inherit;\">Trabalhamos como uma extens\u00e3o da sua equipe, com foco em previsibilidade, estabilidade e continuidade operacional, reduzindo falhas, mitigando problemas e aumentando a efici\u00eancia do seu ambiente tecnol\u00f3gico.<\/span><\/p><p><span style=\"font-style: inherit; font-weight: inherit;\">Enquanto muitos atuam apenas quando o problema acontece, nosso trabalho \u00e9 evitar que ele aconte\u00e7a.<\/span><\/p>\t\t\t\t\t\t\t\t<\/div>\n\t\t\t\t<\/div>\n\t\t\t\t<\/div>\n\t\t\t\t\t<\/div>\n\t\t\t\t<\/div>\n\t\t\t\t<\/div>\n\t\t","protected":false},"excerpt":{"rendered":"<p>QUEM SOMOS Somos uma empresa de tecnologia especializada em estruturar, proteger e evoluir ambientes de TI para pequenas e m\u00e9dias [&hellip;]<\/p>\n","protected":false},"author":1,"featured_media":0,"parent":0,"menu_order":0,"comment_status":"closed","ping_status":"closed","template":"","meta":{"_eb_attr":"","site-sidebar-layout":"no-sidebar","site-content-layout":"","ast-site-content-layout":"full-width-container","site-content-style":"default","site-sidebar-style":"default","ast-global-header-display":"","ast-banner-title-visibility":"","ast-main-header-display":"","ast-hfb-above-header-display":"","ast-hfb-below-header-display":"","ast-hfb-mobile-header-display":"","site-post-title":"disabled","ast-breadcrumbs-content":"","ast-featured-img":"disabled","footer-sml-layout":"","ast-disable-related-posts":"","theme-transparent-header-meta":"","adv-header-id-meta":"","stick-header-meta":"","header-above-stick-meta":"","header-main-stick-meta":"","header-below-stick-meta":"","astra-migrate-meta-layouts":"default","ast-page-background-enabled":"default","ast-page-background-meta":{"desktop":{"background-color":"var(--ast-global-color-5)","background-image":"","background-repeat":"repeat","background-position":"center center","background-size":"auto","background-attachment":"scroll","background-type":"","background-media":"","overlay-type":"","overlay-color":"","overlay-opacity":"","overlay-gradient":""},"tablet":{"background-color":"","background-image":"","background-repeat":"repeat","background-position":"center center","background-size":"auto","background-attachment":"scroll","background-type":"","background-media":"","overlay-type":"","overlay-color":"","overlay-opacity":"","overlay-gradient":""},"mobile":{"background-color":"","background-image":"","background-repeat":"repeat","background-position":"center center","background-size":"auto","background-attachment":"scroll","background-type":"","background-media":"","overlay-type":"","overlay-color":"","overlay-opacity":"","overlay-gradient":""}},"ast-content-background-meta":{"desktop":{"background-color":"var(--ast-global-color-4)","background-image":"","background-repeat":"repeat","background-position":"center center","background-size":"auto","background-attachment":"scroll","background-type":"","background-media":"","overlay-type":"","overlay-color":"","overlay-opacity":"","overlay-gradient":""},"tablet":{"background-color":"var(--ast-global-color-4)","background-image":"","background-repeat":"repeat","background-position":"center center","background-size":"auto","background-attachment":"scroll","background-type":"","background-media":"","overlay-type":"","overlay-color":"","overlay-opacity":"","overlay-gradient":""},"mobile":{"background-color":"var(--ast-global-color-4)","background-image":"","background-repeat":"repeat","background-position":"center center","background-size":"auto","background-attachment":"scroll","background-type":"","background-media":"","overlay-type":"","overlay-color":"","overlay-opacity":"","overlay-gradient":""}},"footnotes":""},"class_list":["post-62","page","type-page","status-publish","hentry"],"_links":{"self":[{"href":"https:\/\/syswave.com.br\/index.php\/wp-json\/wp\/v2\/pages\/62","targetHints":{"allow":["GET"]}}],"collection":[{"href":"https:\/\/syswave.com.br\/index.php\/wp-json\/wp\/v2\/pages"}],"about":[{"href":"https:\/\/syswave.com.br\/index.php\/wp-json\/wp\/v2\/types\/page"}],"author":[{"embeddable":true,"href":"https:\/\/syswave.com.br\/index.php\/wp-json\/wp\/v2\/users\/1"}],"replies":[{"embeddable":true,"href":"https:\/\/syswave.com.br\/index.php\/wp-json\/wp\/v2\/comments?post=62"}],"version-history":[{"count":104,"href":"https:\/\/syswave.com.br\/index.php\/wp-json\/wp\/v2\/pages\/62\/revisions"}],"predecessor-version":[{"id":501,"href":"https:\/\/syswave.com.br\/index.php\/wp-json\/wp\/v2\/pages\/62\/revisions\/501"}],"wp:attachment":[{"href":"https:\/\/syswave.com.br\/index.php\/wp-json\/wp\/v2\/media?parent=62"}],"curies":[{"name":"wp","href":"https:\/\/api.w.org\/{rel}","templated":true}]}}